?
9
Let o be (-1)/(2 + 10/(-6)). Let q(s) = -9*s. What is the units digit of q(o)?
7
Let o(w) = -w**3 - 8*w**2 - 16*w + 3. What is the units digit of o(-7)?
6
Let q = -13 - -19. What is the tens digit of (-4)/(-2) + 3*q?
2
Suppose y + 3*y - 42 = -5*d, -3*y = 5*d - 29. What is the tens digit of y?
1
Let r be (-5 - -6)/((-1)/(-3)). Suppose 2*n = r*n - 23. What is the units digit of n?
3
Suppose 4*y - 3*y = 4. Let x(i) = 7*i**3 - 4*i**2 + i - 3. Let q(u) = 13*u**3 - 8*u**2 + 2*u - 5. Let n(k) = 6*q(k) - 11*x(k). What is the units digit of n(y)?
7
What is the tens digit of 2/9 + 394/9?
4
What is the hundreds digit of (-11529)/(-105) - 4/5 - 1?
1
Let a = 3 + -5. What is the units digit of (-130)/(-18) - a/(-9)?
7
Suppose f - 16 = -f. Suppose -f + 23 = 5*g. Suppose 2*l - 4*q - 40 = 0, -25 = -g*l - 3*q + 2*q. What is the units digit of l?
0
Let v(f) = -f**3 + 12*f**2 - 2*f + 42. What is the units digit of v(10)?
2
Suppose -3*t = 2*t. Let b(m) = -3*m - 1 + 1 + t - 2. What is the units digit of b(-2)?
4
Suppose -3*f + 4*k + 76 = -111, -3*f - 5*k + 178 = 0. What is the tens digit of f?
6
Let t(z) = -2*z**3 - 4*z**2 - 4*z - 2. Let s be t(-3). Suppose -3*a - 36 = -3*v, 0 = 4*v + 4*a - 36 - s. What is the tens digit of v?
1
What is the tens digit of (5/(60/16))/(8/228)?
3
Suppose -4 = 2*f + 4*r, -5*f + 25 = -f - 3*r. Let c = -10 + 17. Let d = c - f. What is the units digit of d?
3
Let i(d) = d**2 + 2*d + 3. Let c be i(-2). What is the tens digit of (c - (-2 - -4)) + 30?
3
Let w(s) = -21*s**2 + s - 21. Let i(p) = -5*p**2 - 5. Let n(y) = 9*i(y) - 2*w(y). Let b be n(-2). What is the units digit of 2/b - (-39)/33?
1
Suppose 2*o + 4 = 34. Suppose j = -6 + o. What is the units digit of 34/9 - (-2)/j?
4
Suppose 3*h - 7 = -v - 0*v, 5*v - 11 = -3*h. What is the tens digit of 57/h*(-14)/(-21)?
1
What is the units digit of 80/6 - 8/(-12)?
4
Suppose -w + 2*l + 1 = 0, 3*w + 4*l + 1 = 4. Let j(z) = -8*z + 2*z + 1 - z**2 + 0*z + w. What is the units digit of j(-5)?
7
Suppose 4*r - 5 - 3 = 0. Let n = 3 + -2. Suppose -7*o + 5 = -r*o + d, d - n = -o. What is the units digit of o?
1
Let d = 8 + -11. Let g be (-3)/1 + (-3)/d. What is the units digit of 3 + -2 + (-6)/g?
4
Suppose -2*z + 130 = -w + 3*w, -5*w - 227 = -3*z. What is the tens digit of z?
6
Suppose 0*x + 62 = 2*x. What is the units digit of x?
1
Let x(r) = 2*r - 1. Let y be x(3). Let l = 6 + y. What is the units digit of l?
1
Let a(l) = -l**3 + 10*l**2 + l - 13. Let k be a(10). Let c = 10 + k. Suppose 0 + c = n. What is the units digit of n?
7
Let n(p) = p + 15. What is the units digit of n(8)?
3
Suppose 11*i - 5*i = 1068. What is the hundreds digit of i?
1
Let q(a) = -a**2 + 14*a + 8. What is the units digit of q(8)?
6
Let m(q) = 2 + 2 + 2*q - 5. Suppose 2*v + 15 = 5*v. What is the units digit of m(v)?
9
Suppose -3*y + 3*v + 24 = 0, 0 = -5*y - 3*v + 2 + 6. Let c(g) = -y*g - 2 + g + 4*g. What is the units digit of c(4)?
2
Let t = 56 + -40. What is the units digit of t?
6
Let j = 7 + 49. What is the tens digit of j?
5
What is the tens digit of 15 + 4/20*5?
1
What is the units digit of (-1222)/(-13) - (1 + -3)?
6
Suppose -5*j + 485 - 15 = 0. What is the tens digit of j?
9
Suppose 2*k - 12 = -k. Suppose -5 = -k*f + 11. What is the units digit of f?
4
Let d = -2 - -4. Let g = d + 14. What is the units digit of g?
6
Suppose 39 = c - s, 2*s - 7 = 3*c - 125. What is the units digit of c?
0
Let y = 13 - 21. Let j(f) = -4*f - 13. What is the tens digit of j(y)?
1
Let o be (-22)/(-4) - (-2)/(-4). Suppose 0 = 5*s - 10, b - 5 = -5*s + 10. Suppose b*v = -o*j + 20, 2*v - 4*j = -2*v + 8. What is the units digit of v?
3
Suppose -2*w + 3*w = 39. Suppose -5*j = -k - w, -5*j = 4*k + k + 105. Let c = k + 35. What is the units digit of c?
1
Suppose 4*u - 54 = u. Suppose l + 0*x = -x + u, x + 24 = 2*l. What is the tens digit of l?
1
What is the tens digit of (1/2)/((-3)/(-438))?
7
Let p = -101 - -185. Suppose 4*z = 3*o - 133, 4*z - 2*z = -2*o + p. What is the tens digit of o?
4
Suppose v - 4*a - 2 = -v, 5*a = -v + 8. Let b be (2/(-6))/(v/9). What is the units digit of 4 + -2 + b + 1?
2
Let b(j) = -j**3 + 12*j**2 - 12*j + 16. What is the units digit of b(11)?
5
Let w(u) = -u**2 + 7*u. Let m be w(4). Suppose -4*l = 5*i - 47, l - 2*i - 3 - m = 0. What is the tens digit of l?
1
Suppose 9*z - 4*z = 70. What is the units digit of z?
4
Let q(m) = 21*m - 44. Let l(r) = 4*r - 9. Let p(n) = 11*l(n) - 2*q(n). What is the units digit of p(6)?
1
Let c be 1 - 1*(0 + -1). Suppose -3*y = q + 3*q - 29, -c*y - 21 = -q. What is the tens digit of q?
1
Suppose -n = -0*n. Suppose n = -6*h + 2*h + 8. Suppose -h*f + 1 = -1. What is the units digit of f?
1
Suppose -3*a = -3 - 3. Suppose -30 = -a*q + 16. What is the units digit of q?
3
Let x(t) = 2*t**2 + 2*t - 2. Let p be x(-2). What is the units digit of 212*(9/4 - p)?
3
Let z(q) = 6*q. Let w(y) = 13*y + 1. Let i(v) = -4*w(v) + 9*z(v). What is the units digit of i(3)?
2
Let t = -27 - -90. Let p = t + -30. What is the units digit of p?
3
What is the tens digit of (3 + -1 - 1) + 32?
3
Suppose -595 = -5*v + 5*h, -h + 5 = -0*h. What is the hundreds digit of v?
1
Suppose -2*i = 2, 2*g + 77 = 7*g - 2*i. Let h(j) = j**3 - 14*j**2 - 14*j - 10. What is the units digit of h(g)?
5
What is the units digit of (5 + (-143)/3)/((-3)/9)?
8
Let s = 23 - 21. What is the units digit of s?
2
Let q(o) = o**2 - 8*o. Let m be q(8). Suppose m*y = y - 19. What is the units digit of y?
9
Suppose 0*p + 5*p - 15 = 0. What is the units digit of 134/8 + p/12?
7
Let d be (-8)/(-2)*42/8. Suppose -3*s = 2*s + 60. Let g = d + s. What is the units digit of g?
9
Let a(f) = 38*f**3 - 2*f**2 + 2*f - 1. What is the units digit of a(1)?
7
What is the tens digit of (2 - 17)*(-18)/10?
2
Let k = 243 - 133. What is the units digit of k?
0
Suppose -6*i + 15 = -i. Suppose -c + i*c - 16 = 0. Suppose 5*a - c = 37. What is the units digit of a?
9
Suppose -p - 18 = -j - 64, -2*j - 239 = -5*p. What is the units digit of p?
9
Suppose 0 = 2*y - 5*u - 292, 3*y - u - 596 = -184. What is the units digit of y?
6
Let a(r) = 19*r - 3. What is the tens digit of a(1)?
1
Suppose -g + 2*g - 127 = -4*j, 2*j - 3*g = 67. Suppose -31 - j = -3*u - 3*l, 0 = -5*u + l + 105. What is the tens digit of u?
2
What is the units digit of (-445)/(-15)*3 - -4?
3
Let b(y) = 2*y**3 + 9*y**2 - 11*y + 7. Let u(l) = 3*l**3 + 10*l**2 - 12*l + 7. Let p(m) = -4*b(m) + 3*u(m). What is the units digit of p(5)?
8
Suppose 2*n + 5*g - 8 + 1 = 0, -5*g = -2*n - 3. What is the units digit of n?
1
Let a be 1 - ((-6)/(-3) - 4). Let g(h) = -3*h**3 + 2*h**a + 0*h**3 - h**2 - 2*h. What is the units digit of g(-2)?
8
Suppose 3*j - 3 = 3*u, u = -4*j + 5 - 1. Suppose g - 9 + 7 = u. What is the units digit of g?
2
Let f = -7 + 9. Let p = 6 - f. Suppose p*c + c = -3*t + 32, 0 = -5*c - 10. What is the tens digit of t?
1
Let q = -8 + 17. Let c(g) = g - 8. Let u be c(q). Let d = u + 0. What is the units digit of d?
1
Let d(j) be the third derivative of j**4/8 + 9*j**2. What is the units digit of d(3)?
9
Let n = -2 - -6. Suppose 0 = -a + 2*a - n. Let b = a + 0. What is the units digit of b?
4
Let l = 322 + -37. What is the units digit of l?
5
Let w(x) = -17*x**2 - 7*x - 1 - x + 16*x**2. Let t be w(-4). What is the tens digit of -5 + 4 + t/1?
1
Let d be (1/(-2) - 1)*-2. Suppose d*o - 42 = -0*o - 3*b, -2*b + 8 = 0. What is the tens digit of o?
1
Let s(p) = -22*p**3 + p**2 + 2*p + 1. What is the units digit of s(-1)?
2
Suppose 5 = d + 4*l + 20, l + 6 = 2*d. What is the units digit of d?
1
Suppose -222 = -0*n - 3*n. What is the units digit of n?
4
Let t(h) = -h**3 - 3*h**2 + h + 4. Let z be t(-3). Let f be 1 + 4 - (2 + z). What is the units digit of f/(-3)*(-6)/4?
1
Let o = -3 - -5. What is the units digit of 21/o + (-5)/(-10)?
1
Suppose -2*w - 3 = -7. Let l(d) = -4*d + d**2 + d**2 + 2*d + 1. What is the units digit of l(w)?
5
What is the units digit of ((-3)/(-2))/((9/194)/3)?
7
Let t(k) = -11*k - 3. What is the tens digit of t(-2)?
1
Let j be (-27 - 0) + 1 + -3. Let u = -16 - j. What is the tens digit of u?
1
Suppose h + 4*h + 4*r = 377, 2*r = -4. What is the tens digit of h?
7
Let c(n) = 14*n + 4. What is the tens digit of c(7)?
0
Let p = -46 - -12. Suppose 5 - 7 = u. What is the units digit of 1/u - p/4?
8
Let z b